ppose -3*l - l - 12 = 0. Let g be (8 + -17)*1/l. Suppose f + 127 = g*p + 5*f, -p + 2*f + 39 = 0. List the prime factors of p.
41
Let w be 3*-2*(-25)/30. Suppose -l - 215 = -5*u - 2*l, w*l = -2*u + 109. Let g = -33 + u. List the prime factors of g.
3
What are the prime factors of (2 - -2)*182/(-112)*-1036?
2, 7, 13, 37
Let a(l) = 22*l - 40. Let n be a(11). Suppose 14*g - 12*g = n. List the prime factors of g.
101
What are the prime factors of (-41568)/20*175/(-70)?
2, 3, 433
Let c(q) = -q**2 + 19*q - 47. Let s = 31 - -13. Let y = -30 + s. What are the prime factors of c(y)?
23
Let q = -27120 + 59571. List the prime factors of q.
3, 29, 373
Let q(u) = -u**3 + 21*u**2 - 35*u - 57. Let d be q(19). Suppose d = 11*p - 3294 - 9202. List the prime factors of p.
2, 71
Let b(s) = -4*s - 24. Suppose -17*f - 35 = -12*f. Let a be b(f). What are the prime factors of a*(110/5 + -1)?
2, 3, 7
Suppose 3*s = -13*a + 18*a - 126538, -3*a - 2*s + 75900 = 0. What are the prime factors of a?
2, 3163
Let r(p) = p**3 - 7*p**2 + 5*p + 12. Let y be r(6). Let x = -3 + y. Let a(t) = 3*t**2 - t + 3. What are the prime factors of a(x)?
3
Suppose 10*z - 2057 = 833. Suppose -3*r - o = -170, -10*r - 4*o - z = -15*r. Suppose -4*x + r = -107. What are the prime factors of x?
41
Let r(f) = 13*f + 49. Let k be r(-7). What are the prime factors of (k + 0)/6 + 301?
2, 3, 7
Suppose 11*j - 45322 - 5556 = 73191. List the prime factors of j.
11279
Let a = -14880 + 17257. What are the prime factors of a?
2377
Let u(g) = 5*g**2 + 30*g + 1123. List the prime factors of u(-32).
3, 587
Suppose 4*j + 0*j = -4, 0 = 2*m - 5*j - 43. Let a = -1967 - -1960. Let d = a + m. List the prime factors of d.
2, 3
Let r(b) = b**3 - 7*b**2 - b + 15. Let u be r(7). Suppose -7 = x - u. What are the prime factors of (-511)/(-8) - x/(-8)?
2
Suppose 3*w - 7854 - 20595 = 5*v, -2*v + 37958 = 4*w. List the prime factors of w.
2, 593
Suppose -4488 = 2*p - 6*p. Suppose -2*x + p = -4*f, -3511 = -5*x + 3*f - 713. What are the prime factors of x?
13, 43
Let o(t) = -7 + 8*t - 3*t + 7*t + 8*t. Let c(l) = -l**3 - 8*l**2 + 5. Let h be c(-8). What are the prime factors of o(h)?
3, 31
Let j = -60 + 55. Let b(u) = -u**3 - 5*u**2 + 2*u + 19. Let i be b(j). Suppose -721 - 584 = -i*g. What are the prime factors of g?
5, 29
Suppose 5*x - 4*x = -17. Let u = x - -26. List the prime factors of -27*((-11)/9 + 2/u).
3
Let m = 48510 + -34146. What are the prime factors of m?
2, 3, 7, 19
Let m be 6 + -5 + 267/3 + -4. Let f(t) = -t**3 - 4*t**2 + 7*t - 4. Let n be f(-6). Let k = m - n. What are the prime factors of k?
2, 3, 5
Suppose -i - 2 = 4*j + 2, 5*j = -i - 6. Suppose i*o + 10 = -14. What are the prime factors of (-184)/o + (-6 - (-95)/15)?
31
Let k(n) = 1813*n + 527. What are the prime factors of k(5)?
2, 11, 109
Suppose -1370 = -3*b + 4*c, -4*b + 1829 = -2*c - c. Suppose -5*i + 457 = -b. List the prime factors of i.
3, 61
Suppose 5*c - 36827 + 10231 = 3*j, 0 = -3*c + 2*j + 15959. What are the prime factors of c?
5, 1063
List the prime factors of -4 - (-6 + -1) - -4926.
3, 31, 53
Let k(y) = 1038*y**2 + 322*y + 11. List the prime factors of k(6).
19, 2069
Suppose 2*d - 3*d + 5*q = 60, 5*d - q + 180 = 0. Let p = -19 - d. Let t(u) = u + 27. What are the prime factors of t(p)?
43
Suppose -3*a + 16 = 6*n - n, -3*n + 10 = 2*a. Let p(j) = 25*j**2 + 5*j - a - 3*j + 1. List the prime factors of p(1).
2, 13
Let o = 337 - 335. Suppose -3*l + q + 406 = -0*q, 4*l - 558 = -o*q. What are the prime factors of l?
137
Let q(u) be the first derivative of -40*u + 19 + 19/2*u**2 + 1/3*u**3. List the prime factors of q(-21).
2
Let t(d) = 0*d + d**3 - 2*d - 5*d + 4*d. Let j be t(0). Suppose -f + 39 + 0 = j. List the prime factors of f.
3, 13
What are the prime factors of 109742*12/(-8)*9/(-26 - 1)?
37, 1483
Suppose -4*i - 4*n - 4 = -0*i, 2*i - 3*n - 3 = 0. Suppose 7*b + 725 - 2440 = i. List the prime factors of b.
5, 7
Let c = -21797 + 40577. List the prime factors of c.
2, 3, 5, 313
Let r be (16/7 - 2) + 183/21. Suppose -7*a - 566 = -r*a. List the prime factors of a.
283
Let u be -154*8/4*-1. Suppose -i = f - u, -2*f + 384 = 4*i - 840. Let c = i + -201. What are the prime factors of c?
103
Suppose 4*c + z - 12 - 7 = 0, 3*c + 4*z = 11. Suppose -2*r = -2*l - 240, c*r - 600 = -0*r + 4*l. What are the prime factors of r?
2, 3, 5
Let p = 10 + -8. Suppose 0 = 4*m - r + 206, -4*m - 104 - 96 = p*r. What are the prime factors of (156/5)/(m/(-170))?
2, 13
Let h(n) = -n + 1. Let d be h(-1). Suppose d*q - 447 = 33. Suppose p - 3*r = 74, -7*p - 2*r + q = -3*p. List the prime factors of p.
2, 31
Let k(j) = 290*j**2 + j + 1. Let i(s) = -s**2 - 14*s - 23. Let a be i(-12). What are the prime factors of k(a)?
2, 73
Let p(h) be the second derivative of -20*h**3/3 - 93*h**2 + 99*h. What are the prime factors of p(-6)?
2, 3
Let p(u) be the second derivative of u**5/20 + 5*u**4/6 - 2*u**3/3 + 10*u**2 - 2*u - 90. What are the prime factors of p(-8)?
2, 3, 5
Suppose -42 = o - 7*o. Let k = o - -9. Suppose -2*s + k*s = 2982. What are the prime factors of s?
3, 71
Let x = -11902 - -6868. List the prime factors of (6/18)/(-3 + (-15104)/x).
839
Let g(c) = -3*c + 106. Let b be g(39). Let j(r) be the third derivative of r**5/30 + 13*r**4/24 - 5*r**3/3 + 5*r**2. List the prime factors of j(b).
89
Suppose z + 4*z = 1100. Let a = 411 - z. Suppose 151 = 9*k - a. List the prime factors of k.
2, 19
What are the prime factors of -9 + 980/100 - 414/20*-1466?
30347
Suppose -25*a + 23*a + 738 = 0. Let i = a + -58. List the prime factors of i.
311
Let s = 87 + -286. Let l(p) = 269*p + 46. Let i be l(1). Let h = s + i. List the prime factors of h.
2, 29
Let c = 25383 + -5878. List the prime factors of c.
5, 47, 83
Suppose -12762 = -2*u + 2*j, -2*u - 93*j + 12778 = -91*j. What are the prime factors of u?
5, 1277
Let y(u) = 31*u**2 - 5*u + 6. Suppose -674*v + 670*v - 20 = 0. What are the prime factors of y(v)?
2, 13, 31
Let o(c) = 373*c**2 - 75*c + 192. List the prime factors of o(11).
2, 5, 89
What are the prime factors of (1 - -4) + (10 - -2624)?
7, 13, 29
Suppose 0 = 5*v - 3*m + 62329 - 297351, -5*m = 2*v - 93984. List the prime factors of v.
2, 71, 331
Let i be ((-8)/4 + 4 - 18)*-2. Suppose -w - 2*k + i = k, -3*w + k + 46 = 0. Suppose 7*t + 1500 = w*t. What are the prime factors of t?
2, 3, 5
Suppose -5*o = -2*k - 29333, 1 = 2*k - 1. What are the prime factors of o?
5867
Let w be 3/(-4 + 1)*-3. Suppose 5*f = 5*m + 8 + 22, f = -w*m - 6. Suppose y = -f*y - 4, 2*j - y = 77. What are the prime factors of j?
2, 19
What are the prime factors of 10020 - (-90)/(-9)*(-3)/(-5)?
2, 3, 1669
Let u be 1 + 5/(-2) + 55/10. Suppose -3*s + 3512 = -2*d, u*d - 7*d - 4681 = -4*s. What are the prime factors of s?
2, 587
Let c be (70/(-25))/(-1) + 1/5. Suppose 3*v - 4448 = -2*f, 895 = c*v + 4*f - 3555. What are the prime factors of v?
2, 3, 13, 19
Suppose 24*t = 174346 + 3609 + 142421. List the prime factors of t.
7, 1907
Let w(m) = 92*m**2 + 23*m + 111. What are the prime factors of w(11)?
2, 3, 479
Let j(o) = -142*o + 1889. List the prime factors of j(-33).
5, 263
Let z(j) = -6*j - 1. Let n(u) = u**3 - 10*u**2 - 23*u - 14. Let f be n(12). Let g(l) = 6*l + 1. Let h(c) = f*z(c) - 3*g(c). What are the prime factors of h(-2)?
11
Let v(j) = 3*j + 29. Suppose 0*t + 4*t - 120 = -y, 0 = -3*t + 3*y + 90. Suppose t*l = 27*l - 27. What are the prime factors of v(l)?
2
Let d(u) = -u**3 - 9*u**2 - 21*u - 42. Let v be d(-7). Let o(q) = -349*q - 2. Let s be o(-2). Suppose 0 = w - v*w + s. What are the prime factors of w?
2, 29
Suppose -3*y - 22 = -h, -2*y - 2*h - 2 - 2 = 0. Let s(z) be the second derivative of -29*z**3/6 - 3*z**2 + 2*z. List the prime factors of s(y).
2, 3, 7
List the prime factors of 0 - -7 - (-1869)/(-6)*-4.
7, 179
Suppose 7*x - 149040 = -30033. List the prime factors of x.
3, 1889
Let o(j) = 13*j**3 + 17*j**2 - 92*j + 9. List the prime factors of o(11).
3, 29, 211
Let b(z) be the second derivative of z**4/3 + 43*z**3/6 - 3*z**2/2 - 8*z. List the prime factors of b(-21).
2, 3, 11, 13
Let j be (5/4)/((-16)/(-64)). Suppose -w + j*s = -478, 1395 = 3*w - 5*s + 3*s. Let o = -279 + w. What are the prime factors of o?
2, 23
Suppose -6*x - m + 57 = -3*x, 0 = -4*x + m + 69. Suppose -6*t + 12*t = x. Suppose -4*w + 288